ose 31 = y - h, 0*h - 12 = -3*h. List the prime factors of y.
5, 7
Let a = 21 + -13. Let s = 10 - a. List the prime factors of s.
2
Let v = 157 - 10. List the prime factors of v.
3, 7
Let n = -19 + 65. List the prime factors of n.
2, 23
Suppose 0 = 4*c - b - 2*b - 1451, -5*c - 2*b = -1808. List the prime factors of c.
2, 181
Let l(z) = -z + 39. Suppose 4*f - 10 = 2*r, 2*f - 3*f - 20 = 4*r. What are the prime factors of l(f)?
3, 13
Let k(f) = f**2 - f - 2. List the prime factors of k(5).
2, 3
Let k(p) be the first derivative of -p**4/4 - 7*p**3/3 - 9*p**2/2 - 4*p + 26. Suppose 7 = -3*a - 11. List the prime factors of k(a).
2, 7
Suppose k = -r - 0*k + 247, 10 = -2*k. What are the prime factors of r?
2, 3, 7
List the prime factors of (4 - (-1 - -4))*28.
2, 7
What are the prime factors of -4 - 24*(-5)/2?
2, 7
Suppose l - q + 7 = 0, -2*l - 1 = 2*q + 1. Suppose -3*s = 28 + 14. List the prime factors of (1 - -1)*s/l.
7
Let b = -21 - -49. What are the prime factors of b?
2, 7
Let c(v) = -8*v - 13. List the prime factors of c(-4).
19
Suppose d - 2*m + 3*m - 2 = 0, m + 7 = 2*d. Let n = -1 + d. Let a(q) = q + 1. List the prime factors of a(n).
3
Suppose -l + 3*l - 8 = 0. Suppose 0 = 5*w + i - 256, 2*w - l*w = 5*i - 107. What are the prime factors of w?
3, 17
Let s(i) = -i**2 - 4*i - 2. Let b be s(-3). Let u(v) = 18*v**2 - v + 1. What are the prime factors of u(b)?
2, 3
Suppose -p - 3*p = -16. Suppose p = -n + 13. Suppose m - n = -c + 8, -4*c + 4*m + 92 = 0. List the prime factors of c.
2, 5
Let k = 63 - 27. Let z = k + -8. What are the prime factors of z?
2, 7
List the prime factors of 545/15 - (4/(-6) + 1).
2, 3
Let m(o) = -o**3 + o + 63. What are the prime factors of m(0)?
3, 7
Let l(j) = j**3 - 11*j**2 + 10*j + 3. Let v be l(10). Suppose -2*n - v*n - 50 = 0. Let t = n - -22. List the prime factors of t.
2, 3
Let l be 0/(-2*(-1)/2). List the prime factors of (3 - l) + 29 + 3.
5, 7
Let h = 11 + -6. Suppose -4*w + 0*s = -3*s + 12, 20 = 4*w + h*s. Suppose -v = -3 - w. What are the prime factors of v?
3
Let c(t) = -t**3 - 8*t**2 - 7*t + 9. What are the prime factors of c(-7)?
3
Let n be ((-2)/(-1))/(-2 + 0). Let o be -10 + -2 + (-2)/n. Let h = o - -16. What are the prime factors of h?
2, 3
Suppose 3*u + 5*l - 1072 + 175 = 0, -2*u - 5*l + 593 = 0. List the prime factors of u.
2, 19
Let i be 5 + (-3)/6*-4. Suppose 0 = -5*l - 5, -6*t + 3*t - i = -5*l. Let d(x) = -x**2 - 5*x + 3. What are the prime factors of d(t)?
7
Suppose i - 4*j = 9, -5*j = 4*i - 0*j - 99. What are the prime factors of (-122)/(-3) + (-14)/i?
2, 5
Let s(c) = 9*c**2 - c - 1. Let l(d) = -9*d**2 + 2*d + 1. Let i(q) = 2*l(q) + 3*s(q). What are the prime factors of i(2)?
37
Suppose -2803 = -9*p - 13. What are the prime factors of p?
2, 5, 31
Suppose -2*t - 3*t + 20 = 0. Suppose t = p + 1. Suppose 0*b = -b + p. What are the prime factors of b?
3
Let c(i) = -i**2 - 17*i - 21. List the prime factors of c(-14).
3, 7
Let m(i) = -i + 20. Let k be m(0). Let r = 44 - k. Suppose -5*l = -l - r. List the prime factors of l.
2, 3
Suppose d = -5*y + 3*d + 220, -3*y + 2*d + 128 = 0. What are the prime factors of y?
2, 23
Let f(c) = 22*c - 2. Let g = -4 - -5. List the prime factors of f(g).
2, 5
Let t be (-8)/10*45/6. Let o be (-15)/t*(-2 + 4). Suppose 55 = o*r - 0*r. List the prime factors of r.
11
Let h(v) = -v - 1. Let p(g) = -g - 2. Suppose 1 = -d - 4*l - 8, -4*d = -2*l + 18. Let y(r) = d*p(r) + 10*h(r). List the prime factors of y(-2).
2, 5
Let m(y) = 398*y**3 + 3*y**2 - 5*y + 2. List the prime factors of m(1).
2, 199
Suppose -3*d + 6*z = 3*z - 201, -4*d + 5*z + 271 = 0. List the prime factors of d.
2
Let i(s) = s**3 + 8*s**2 - s - 5. Let l be i(-8). Suppose 0 = -2*r + l*r - 14. List the prime factors of r.
2, 7
Let i = 266 + -176. Suppose 34 = -2*d + i. What are the prime factors of d?
2, 7
Let v(s) = -8*s - 4. Let x(j) = -j - 1. Let g(z) = v(z) - 3*x(z). Let k be g(-1). List the prime factors of (-49)/(-4) - 1/k.
2, 3
Let n = 1 - -53. List the prime factors of n.
2, 3
Suppose 5*a = -2*y - 0*a + 44, -2*a = y - 23. Suppose 2*m = m + y. List the prime factors of m/2 - 4/8.
13
Suppose 0 = -5*b - 5*g + 30, b = 5*b - 2*g - 24. Let q(a) = -a**3 + 6*a**2 + 3*a - 9. List the prime factors of q(b).
3
Let n(w) = 2*w - 10. Let m be n(9). Suppose -2*q - m + 28 = 0. Suppose q = 4*c - 18. List the prime factors of c.
7
Let c = 3 + 41. What are the prime factors of c?
2, 11
Let w = -61 - -288. What are the prime factors of w?
227
Suppose 0*u - 3*u = -66. Let v = -41 - -28. Let a = v + u. What are the prime factors of a?
3
What are the prime factors of (-622)/(-8) + 42/(-56)?
7, 11
Let l = 3 - 3. Suppose l = -d - 4*h - 5, -2*d - 3*h = 2*d + 7. Let k = d + 9. What are the prime factors of k?
2
Suppose 4*z + 4 = 0, 0*z + 5*z - 1215 = -4*v. List the prime factors of v.
5, 61
Let h(v) = -8 + 2*v**2 + 20 - 10 - 4*v. List the prime factors of h(-4).
2, 5
Suppose 9*v = 11*v - 14. List the prime factors of v.
7
Suppose 0 = -3*h + 1 + 29. Suppose f + f - h = 0. Suppose 0*r - f*r + 33 = -3*c, 2*r - 3*c - 15 = 0. List the prime factors of r.
2, 3
Let z(j) = -2*j - 9. Let s be z(-7). Suppose 2*q - 33 = -s. What are the prime factors of q?
2, 7
Suppose -5*m = 5*w - 220, -m = 5*w - w - 167. List the prime factors of w.
41
Let v(s) = s**3 + 5*s**2 + 6*s. Let a be v(-4). Let q be 34/8 + 2/a. Suppose 2*r - 28 = 3*u + u, q*r = 5*u + 50. List the prime factors of r.
2, 5
Suppose 4*j - 16 = 0, 0 = 2*b - b - 2*j + 11. Let l = b - -7. Suppose -2*q + 3*g = -l*q + 24, -4*g - 24 = -2*q. What are the prime factors of q?
2, 3
Suppose 0 = -3*m + 12 + 3. Let k be 8*m/(15/(-18)). What are the prime factors of (3/(-9))/(2/k)?
2
Let z be ((-8)/(-5))/(2/10). Let q(y) = -y**2 + 4*y - 6. Let h(u) = -u + 1. Let o(w) = -6*h(w) + q(w). List the prime factors of o(z).
2
Suppose -3*h - m + 9 = -h, 0 = -h + 3*m + 8. Suppose 0 = 4*z + 5*v + 4 + 8, 5*z + h*v + 10 = 0. Suppose 2*i - 76 = -z*i. What are the prime factors of i?
19
Suppose 2*b + 7*v - 2*v = -12, -5*v - 14 = 4*b. What are the prime factors of b/((-2)/32) + -1?
3, 5
Suppose 502 = 5*g - p - 3*p, 0 = -g - 2*p + 92. List the prime factors of g.
2, 7
Suppose 0 = -4*w - w + p + 73, 2*w = -3*p + 36. Suppose 3*d + 2*b - 44 = 0, 4*d - 4*b - 17 = w. What are the prime factors of d?
2, 3
Let k be (445/5)/(1/(-2)). What are the prime factors of k/(-8) - (-2)/(-8)?
2, 11
Suppose 193 = 3*j - 185. List the prime factors of j.
2, 3, 7
Let k = -24 + 77. Let i = 28 - k. Let r = 37 + i. List the prime factors of r.
2, 3
Let f = -5 - -10. What are the prime factors of (5/4)/(f/60)?
3, 5
Let u(v) = v**2 + 7. Let p(y) = -y - 4. Let r be p(-4). What are the prime factors of u(r)?
7
Let r(t) = 7*t + 11. What are the prime factors of r(10)?
3
Let f be (6/(-4))/((-33)/110). Suppose 5 = u - f. What are the prime factors of u?
2, 5
What are the prime factors of 201 + (20/(-4) - -3)?
199
Suppose 2*u = -5*f - 8, 0 = 3*u - 0*f - 2*f - 7. Let p = u - -1. What are the prime factors of p?
2
Suppose -3*q + 0*q - 5*y = -48, -2*q + y = -19. Let s = q + -6. Suppose 0*b - s*m = -b + 19, 14 = 5*b + 2*m. What are the prime factors of b?
2
Let g(b) = -b**3 - 6*b**2 + 7*b + 5. Let l be g(-7). Suppose -l*r + 3*r = -38. What are the prime factors of r?
19
Let n(r) = -11*r - 18. List the prime factors of n(-12).
2, 3, 19
Suppose -17 + 7 = -d. What are the prime factors of d?
2, 5
Let k(d) = -d**3 - 5*d**2 - d + 3. Let w be k(-3). Let y(h) = -h**3 - 13*h**2 - 15*h - 18. List the prime factors of y(w).
2, 3
Let g = -13 - -5. Let p be (-10)/(-4) + g/(-16). Suppose -2*h - p*j = -28, -4*h - 3*j + 17 = -3*h. List the prime factors of h.
11
Suppose -3*k - 663 = -5*h, -5*h + 10*h - 679 = -k. What are the prime factors of h?
3, 5
Suppose -v - 36 = -4*v. Suppose -o + 12 = -5*o. Let n = v + o. What are the prime factors of n?
3
Let b(i) = 6*i**2 - 2*i + 1. List the prime factors of b(-3).
61
Let w(m) = -2*m**3 - 3*m**2 - m - 1. Let h be w(-2). Suppose -3*f + 83 = h*t, -5*t + 62 = 2*f - 20. What are the prime factors of t?
2
Suppose 7 = 4*j - 3*t, t + 5 = -j + 4*t. Let a(k) = 3*k**2 + 3*k. Let f(v) = 4*v**2 + 3*v + 1. Let p(b) = -5*a(b) + 4*f(b). What are the prime factors of p(j)?
2
Let a(s) = s + 5. Let m be a(0). Suppose -5*y - m = 3*g, -5*y - 3 = 5